{"id":4003,"date":"2025-10-28T17:09:38","date_gmt":"2025-10-28T20:09:38","guid":{"rendered":"https:\/\/cidadecriativa.floripa.br\/?post_type=agenda&#038;p=4003"},"modified":"2025-10-28T17:11:21","modified_gmt":"2025-10-28T20:11:21","slug":"gastronomia-e-saude-alimentacao-nutricao-e-conexao-com-a-terra-segunda-edicao","status":"publish","type":"agenda","link":"https:\/\/cidadecriativa.floripa.br\/en\/agenda\/gastronomia-e-saude-alimentacao-nutricao-e-conexao-com-a-terra-segunda-edicao\/","title":{"rendered":"Gastronomia e Sa\u00fade. Alimenta\u00e7\u00e3o, nutri\u00e7\u00e3o e conex\u00e3o com a Terra (Segunda Edi\u00e7\u00e3o)"},"featured_media":4004,"template":"","class_list":["post-4003","agenda","type-agenda","status-publish","has-post-thumbnail","hentry"],"_links":{"self":[{"href":"https:\/\/cidadecriativa.floripa.br\/en\/wp-json\/wp\/v2\/agenda\/4003","targetHints":{"allow":["GET"]}}],"collection":[{"href":"https:\/\/cidadecriativa.floripa.br\/en\/wp-json\/wp\/v2\/agenda"}],"about":[{"href":"https:\/\/cidadecriativa.floripa.br\/en\/wp-json\/wp\/v2\/types\/agenda"}],"wp:featuredmedia":[{"embeddable":true,"href":"https:\/\/cidadecriativa.floripa.br\/en\/wp-json\/wp\/v2\/media\/4004"}],"wp:attachment":[{"href":"https:\/\/cidadecriativa.floripa.br\/en\/wp-json\/wp\/v2\/media?parent=4003"}],"curies":[{"name":"wp","href":"https:\/\/api.w.org\/{rel}","templated":true}]}}

Gastronomia e Saúde. Alimentação, nutrição e conexão com a Terra (Segunda Edição)
